g(s) = -3*s - 2. Let l(f) = -3*g(f) + h(f). Give l(8).
-30
Suppose o + 52 - 12 = 3*m, -2*o - 2 = 0. Let j be (-1 + -2)*m/39. Let r(v) = v - 1. What is r(j)?
-2
Let f(i) be the first derivative of 7/2*i**2 - 3*i - 10. Give f(3).
18
Suppose -3*l + 0*l = 30. Let c(i) = i**2 + 14*i + 5. Let z(t) = -2*t - 2. Let d(s) = -c(s) - 2*z(s). Give d(l).
-1
Let g(a) be the second derivative of -a**4/12 - a**3/6 + a**2/2 - a - 138. Let j = 2 + -5. What is g(j)?
-5
Let b(w) = -2*w**2 - 33*w + 89. Let z(y) = -2*y**2 - 32*y + 76. Let j(i) = -6*b(i) + 7*z(i). Calculate j(-13).
-2
Let w = -1 - -1. Let q(t) = t**2 + 5*t + 2. Let o be q(-6). Let v(r) = -r - o + 12 + 2. Calculate v(w).
6
Suppose 0 = -5*r - 25, 50 = 7*l - 2*l + r. Let w(g) = -3*g + 4. Determine w(l).
-29
Let r be (18/16 - (-11)/(-88))*(-2)/2. Let u(p) = -1 - p - 4*p**2 + 2 + 2*p. Determine u(r).
-4
Let f(k) = -2*k**2 - 7*k + 1. Let r(s) = -6*s**2 - 25*s + 4. Let n(a) = -22*f(a) + 6*r(a). What is n(-2)?
26
Suppose -2*b + 10 = -2*w, w + 0 = 2*b - 7. Let x(q) = b*q + 5 + 0*q - 13. Give x(6).
4
Let z be 9/4*112/21. Suppose -y - 9 = 4*g, 2*g = y - z - 3. Let q(v) = -v**2 + 8*v + 6. Determine q(y).
13
Let g(d) = -5 + 5 - 1 + 5*d - 5. Let c(z) = -z - 2*z**2 + 2*z**3 - 2*z**3 + 6*z**2 + z**3. Let y be c(-4). What is g(y)?
14
Let m be 58/(-6) - (1444/(-57))/(-19). Let f(h) = h**3 + 12*h**2 + 8*h - 14. Calculate f(m).
19
Let w(l) = -l**2 - 13*l - 3. Suppose 2*s + 5 = -21. Calculate w(s).
-3
Let g(i) = -i + 1. Let r(o) = 3*o - 6. Let l be r(4). Let d(n) = n**3 + 4*n**2 - 4*n - 5. Let q be d(-4). Let v = q - l. What is g(v)?
-4
Let j(a) = a**2 - 9*a - 9. Let t = 934 + -927. Determine j(t).
-23
Let i(g) be the third derivative of -g**6/120 - g**5/6 + g**3/2 + 8*g**2 - 2. Determine i(-10).
3
Let z be (-1891)/(-671) - (-2)/11. Let h(y) be the second derivative of 2*y - 1/20*y**5 + 7/12*y**4 - 2*y**2 - y**z + 0. Determine h(6).
-4
Let x(h) = 0*h - 2*h + 0*h + 5. Let i be (-4)/((-32)/6)*-4 - 2. Calculate x(i).
15
Suppose -5*a - 15 = -5*q, -32*a + 35*a - 5*q + 15 = 0. Let s(h) be the third derivative of -5*h**2 + 11/6*h**3 + a - 1/60*h**5 + 0*h - 1/4*h**4. What is s(-8)?
-5
Let t(i) = 2*i - 10. Suppose -270 = 13*a - 67*a. Determine t(a).
0
Suppose 0*a - 4*a = -12. Suppose 0 = -d + 1 - a. Let y(m) be the third derivative of -m**6/60 - m**5/60 - m**2. Calculate y(d).
12
Suppose -5*v + 6 + 4 = -5*z, z = 3*v - 8. Suppose 18*o + v = 15*o. Let l(h) = -12*h**2 + 1. Calculate l(o).
-11
Let x(y) = 5*y - 3. Let j(w) = 0*w + 3*w + w - 2. Let g(f) = -4*j(f) + 3*x(f). Calculate g(-6).
5
Let b = -307 + 312. Suppose -d = -3*a + 2*a - 12, -20 = -4*d - 3*a. Let p(j) = 0*j + b + 2*j - d. What is p(-3)?
-9
Suppose 4*b + 681 = 645. Let m(s) = -3*s + 11. Determine m(b).
38
Let l(w) be the first derivative of 3*w**2/2 + 3*w + 96. Let c(k) = -k**2 + 6*k - 3. Let h be c(6). Calculate l(h).
-6
Let b(f) = f**3 - 4*f**2 + 2*f + 2. Let j(o) = o**3 + 7*o**2 - 12*o - 6. Let z be j(-8). Let n = z - 23. What is b(n)?
-1
Let y(p) = p**3 + 8*p**2 - 22*p - 110. Let n be y(-9). Let v(c) be the first derivative of -c**3/3 + 3*c**2 + 8*c + 1. Give v(n).
1
Let v(j) be the first derivative of -3*j + 2*j**2 + 14 + 1/4*j**4 + 7/3*j**3. Determine v(-6).
9
Let y(o) be the third derivative of o**5/30 + 7*o**4/24 + 5*o**3/6 + 2*o**2. Suppose b = 19 + 4. Let h = b - 27. Calculate y(h).
9
Let o(w) = 8*w**3 - 2*w**2 - 2*w - 1. Let r be 83 - (-5)/5*-1. Suppose 0 = -r*y + 79*y - 3. Determine o(y).
-9
Let d = 380 - 372. Let r(q) = -q**2 + 9*q - 9. Calculate r(d).
-1
Let q(y) = 2*y**2 + 2*y + 4. Let g be ((-12)/(-42))/((-50)/875). Calculate q(g).
44
Let r(m) = m**2 + m - 1. Let w = 3 - 1. Suppose 2*z - w*g + g - 3 = 0, g + 15 = 5*z. Let c be (z - 4) + (2 - 0). What is r(c)?
5
Let f(a) be the third derivative of a**7/40 + a**6/360 + a**5/120 - a**4/24 - a**3/3 - 47*a**2. Let w(h) be the first derivative of f(h). Calculate w(1).
22
Suppose 0 = -12*s - 109 + 25. Let u(t) = -t**2 - 11*t - 4. Determine u(s).
24
Let f(o) = o**2 + 8*o + 6. Let r be f(-8). Suppose -64 = k - 6*k - 4*b, -5*k + 5*b + 55 = 0. Let d(y) = -y + y - k + y. Determine d(r).
-6
Let o(i) be the first derivative of 2*i**3/3 + 3*i**2 - 4*i - 1080. Calculate o(-5).
16
Let r(v) be the third derivative of -v**4/2 + v**3/6 - 55*v**2. Calculate r(1).
-11
Let v(b) be the first derivative of 17*b**2/2 - 3*b - 357. Give v(2).
31
Let i(n) = n**2 + 2*n - 2. Let a be i(-4). Let v(q) = 4 - 4*q + 259*q**2 - 3 - 258*q**2. Calculate v(a).
13
Let u(z) = 17*z - 44. Let v(d) = -3*d + 9. Let n(g) = 2*u(g) + 11*v(g). Give n(-5).
6
Let s = -8 + 10. Let l(z) be the first derivative of 2*z**2 - 3*z - 376. Determine l(s).
5
Suppose 0 = -16*s + 11*s - 15. Let p be 1*(-4 - (-2 + s)). Let y(u) = -20*u + 1. What is y(p)?
-19
Let n(v) be the third derivative of v**5/60 + v**4/8 + 7*v**3/6 + 29*v**2. Let m be n(-3). Let i(o) = -o**3 + 6*o**2 + 6*o - 6. Give i(m).
-13
Let h be 7 + (-4 - -2) + 1. Let j(l) be the second derivative of l**4/12 - 5*l**3/6 - 7*l**2/2 + 169*l. Give j(h).
-1
Let l(j) = -1 + j + 1 - 4 + 6 - 8. Determine l(-2).
-8
Let j(s) = 2*s + 3. Let y(d) = -3*d - 6. Let a(k) = 7*j(k) + 4*y(k). Let c(g) = 9*g - 70. Let z be c(7). What is a(z)?
-17
Let y(c) = -3*c**3 - 6*c**2 + c - 4. Let h(d) = -d**3 - 2*d**2 - 1. Let w be (-25)/50*-2*2. Let b(u) = w*y(u) - 7*h(u). Give b(-3).
-16
Let a(p) = p**3 + 16*p**2 - p - 12. Let n be a(-16). Let l(i) = -6*i**2 - 13*i**3 - 3*i - n*i**2 + 2*i + 9*i**2. Calculate l(-1).
13
Let g(p) be the third derivative of -p**4/12 + p**3 - 175*p**2. What is g(6)?
-6
Let c(g) = g**3 + 4*g**2 - 3*g - 3. Let l be c(-4). Let p(h) = 3 - h**2 + 7*h + 6 - 6 - l. Suppose r + 4*a = -15, 0 = r - 2*a + a - 10. Give p(r).
4
Let p(n) = -4*n + 11. Suppose 9*s = 19*s - 150. Calculate p(s).
-49
Let h(n) = n**2 - 11*n - 17. Let c = 34 + -22. Let w be h(c). Let t(v) be the third derivative of v**4/24 - v**3/6 + 10*v**2. Determine t(w).
-6
Let u(o) = -o - 10. Let m be (220/(-6))/11*-1*3. Let p(n) = n**3 - 9*n**2 - 13*n + 23. Let l be p(m). Give u(l).
-3
Let q(s) = 2*s**2 + 3*s**3 - 2*s**3 + s**2. Let u(a) = 26*a + 75. Let v be u(-3). Give q(v).
0
Let p(g) = 4*g**2 - 2*g - 6*g**2 + 2 - 2*g**3 - 2*g**2. Let l = -14984 + 14982. Calculate p(l).
6
Suppose 4*i = -12 + 48. Let j(t) = -i*t - 2 + 27*t - t**2 - 17*t. Let z be (-4)/6 - 11/(-3). Calculate j(z).
-8
Let c(l) = 50*l**2 + 7*l + 5. Let a(n) = -23*n**2 - 3*n - 2. Let x(q) = -13*a(q) - 6*c(q). Give x(-4).
-8
Let w(t) = 4*t**3 + 2*t**2 - 1. Let k = 19 + -9. Suppose -k = 3*q - 5*q. Suppose -p = 3*p + 4*v + 8, q*p = v - 4. Determine w(p).
-3
Let p(y) be the second derivative of 0*y**4 + 0 - 3/2*y**3 + 7*y - 1/360*y**6 + 1/120*y**5 + 0*y**2. Let j(g) be the second derivative of p(g). Calculate j(2).
-2
Let v be ((-15)/(-3) - 2) + -28 + 22. Let t(a) = 7*a + 5. Calculate t(v).
-16
Let y(g) = -g**2 + 3*g + 23. Let u(s) = -s**2 + 9*s + 16. Let f be u(10). Calculate y(f).
5
Let p(c) = -2*c**3 - 3*c**2 - 2*c + 1. Suppose -4*d + 5*m - 13 = 0, 3*m = -4*d - 0*m - 5. Calculate p(d).
9
Let i(b) be the first derivative of -1/2*b**2 + 1 - 4*b. What is i(-4)?
0
Let p = 16 - 15. Let h(z) be the third derivative of -z**6/20 - 2*z**2. What is h(p)?
-6
Let k(x) = x**3 - 10*x**2 + 10*x - 13. Let w = 278 - 269. Determine k(w).
-4
Let a(y) = 50 + 13 - 11*y - 66 + y**2. Give a(11).
-3
Let l = 122 - 122. Let v(n) = l*n**2 - 36*n + 7*n**2 + 37*n. Calculate v(-2).
26
Suppose 566 = -8*c + 134. Let i = 54 + c. Let k(z) = z**3 - z - 19. What is k(i)?
-19
Let y(b) = -b**2 - 5*b - 2. Let r(p) = -p**2 - 8*p - 10. Suppose 9*z - 5*z - 4 = 0. Let f be (z + -8)/((-4)/(-4)). Let g be r(f). Determine y(g).
4
Let w = -31 + 41. Suppose b = -2*t - w, -5*b - 3*t + t - 34 = 0. Let d(i) = -i - 9. What is d(b)?
-3
Let x be (227 - 226)*(0/2 - -1). Let d(z) = -4*z - 2. Give d(x).
-6
Let t(s) = -s**2 - 4*s - 5. Let q = 177 - -127. Let l = -204 + q. Let r be 1/4 - l/16. Calculate t(r).
-17
Suppose -u + 2*s + 2 = 0, -4*s - 6 = -u - 2*u. Suppose 0 = -3*n + u*h + 4, 0 = -4*n + h - 4*h + 11. Let d(g) = 5 + 0 - n*g**3 - 3 + g**2 + 0. Calculate d(2).
-10
Let z be -5*(-9 + 15)/(-180). Let m(o) be the second derivative of 0 - 1/2*o**2 - 6*o + 1/2*o**3 - z*o**4 - 1/20*o**5. Calculate m(-3).
-1
Let m(w) = 2*w**2 + 4*w - 1. Let j(